{"id":6125,"date":"2025-12-30T18:22:39","date_gmt":"2025-12-30T18:22:39","guid":{"rendered":"https:\/\/techsoftyazilim.com.tr\/?page_id=6125"},"modified":"2025-12-30T18:44:56","modified_gmt":"2025-12-30T18:44:56","slug":"presto-xl-erp-yazilim","status":"publish","type":"page","link":"https:\/\/techsoftyazilim.com.tr\/index.php\/presto-xl-erp-yazilim\/","title":{"rendered":"Presto XL ERP Yaz\u0131l\u0131m"},"content":{"rendered":"\n<figure class=\"wp-block-image size-large\"><img loading=\"lazy\" decoding=\"async\" width=\"1024\" height=\"224\" src=\"https:\/\/techsoftyazilim.com.tr\/wp-content\/uploads\/2025\/12\/image-1024x224.png\" alt=\"\" class=\"wp-image-6129\" srcset=\"https:\/\/techsoftyazilim.com.tr\/wp-content\/uploads\/2025\/12\/image-1024x224.png 1024w, https:\/\/techsoftyazilim.com.tr\/wp-content\/uploads\/2025\/12\/image-300x66.png 300w, https:\/\/techsoftyazilim.com.tr\/wp-content\/uploads\/2025\/12\/image-768x168.png 768w, https:\/\/techsoftyazilim.com.tr\/wp-content\/uploads\/2025\/12\/image-1536x337.png 1536w, https:\/\/techsoftyazilim.com.tr\/wp-content\/uploads\/2025\/12\/image.png 1729w\" sizes=\"auto, (max-width: 1024px) 100vw, 1024px\" \/><\/figure>\n\n\n\n<p class=\"has-text-align-left\">H\u0131zla b\u00fcy\u00fcyen i\u015fletmeler i\u00e7in g\u00fc\u00e7l\u00fc ve s\u00fcrd\u00fcr\u00fclebilir bir kurumsal altyap\u0131 art\u0131k bir tercih de\u011fil, zorunluluktur. Presto XL, i\u015fletmenizin de\u011fi\u015fen ekonomik ko\u015fullara kar\u015f\u0131 dayan\u0131kl\u0131 kalmas\u0131n\u0131 ve mevcut g\u00fcc\u00fcn\u00fc koruyarak b\u00fcy\u00fcmesini sa\u011flamak i\u00e7in tasarland\u0131. Sa\u011flam bir gelecek i\u00e7in \u00f6ng\u00f6r\u00fcl\u00fc olmak, do\u011fru stratejik kararlar\u0131 do\u011fru zamanda almak gerekir. Likom Presto XL, b\u00fcy\u00fcme s\u00fcrecindeki orta \u00f6l\u00e7ekli i\u015fletmelerin t\u00fcm i\u015f s\u00fcre\u00e7lerini etkin ve entegre bir \u015fekilde y\u00f6netebilmesi i\u00e7in kapsaml\u0131 bir kurumsal altyap\u0131 sunar. Operasyonel verimlili\u011fi art\u0131r\u0131r, stratejik karar alma s\u00fcre\u00e7lerini destekler ve i\u015fletmenizin kontrol\u00fcn\u00fc tek merkezden y\u00f6netmenizi sa\u011flar. <\/p>\n\n\n\n<p class=\"has-text-align-left\">1984\u2019ten bu yana kurumsal i\u015f uygulamalar\u0131 alan\u0131nda edindi\u011fi deneyimi Presto XL\u2019e yans\u0131tan Likom Yaz\u0131l\u0131m, on binlerce m\u00fc\u015fteride kan\u0131tlanm\u0131\u015f ba\u015far\u0131y\u0131 i\u015fletmenizin hizmetine sunar. Presto XL ile bug\u00fcn g\u00fc\u00e7l\u00fc ad\u0131mlar at\u0131n, yar\u0131n\u0131n rekabet ortam\u0131na sa\u011flam bir altyap\u0131yla haz\u0131rlan\u0131n.<\/p>\n\n\n\n<p><\/p>\n","protected":false},"excerpt":{"rendered":"<p>H\u0131zla b\u00fcy\u00fcyen i\u015fletmeler i\u00e7in g\u00fc\u00e7l\u00fc ve s\u00fcrd\u00fcr\u00fclebilir bir kurumsal altyap\u0131 art\u0131k bir tercih de\u011fil, zorunluluktur&#8230;.<\/p>\n","protected":false},"author":1,"featured_media":0,"parent":0,"menu_order":0,"comment_status":"closed","ping_status":"closed","template":"","meta":{"footnotes":""},"class_list":["post-6125","page","type-page","status-publish"],"_links":{"self":[{"href":"https:\/\/techsoftyazilim.com.tr\/index.php\/wp-json\/wp\/v2\/pages\/6125","targetHints":{"allow":["GET"]}}],"collection":[{"href":"https:\/\/techsoftyazilim.com.tr\/index.php\/wp-json\/wp\/v2\/pages"}],"about":[{"href":"https:\/\/techsoftyazilim.com.tr\/index.php\/wp-json\/wp\/v2\/types\/page"}],"author":[{"embeddable":true,"href":"https:\/\/techsoftyazilim.com.tr\/index.php\/wp-json\/wp\/v2\/users\/1"}],"replies":[{"embeddable":true,"href":"https:\/\/techsoftyazilim.com.tr\/index.php\/wp-json\/wp\/v2\/comments?post=6125"}],"version-history":[{"count":6,"href":"https:\/\/techsoftyazilim.com.tr\/index.php\/wp-json\/wp\/v2\/pages\/6125\/revisions"}],"predecessor-version":[{"id":6136,"href":"https:\/\/techsoftyazilim.com.tr\/index.php\/wp-json\/wp\/v2\/pages\/6125\/revisions\/6136"}],"wp:attachment":[{"href":"https:\/\/techsoftyazilim.com.tr\/index.php\/wp-json\/wp\/v2\/media?parent=6125"}],"curies":[{"name":"wp","href":"https:\/\/api.w.org\/{rel}","templated":true}]}}