{"id":6160,"date":"2026-04-17T21:16:11","date_gmt":"2026-04-17T21:16:11","guid":{"rendered":"https:\/\/techsoftyazilim.com.tr\/?page_id=6160"},"modified":"2026-04-17T22:55:53","modified_gmt":"2026-04-17T22:55:53","slug":"satis-pazarlama-yazilimi","status":"publish","type":"page","link":"https:\/\/techsoftyazilim.com.tr\/index.php\/satis-pazarlama-yazilimi\/","title":{"rendered":"Sat\u0131\u015f\/Pazarlama Yaz\u0131l\u0131m\u0131"},"content":{"rendered":"<div class=\"wp-block-image\">\n<figure class=\"aligncenter size-large is-resized\"><img loading=\"lazy\" decoding=\"async\" width=\"1024\" height=\"683\" src=\"https:\/\/techsoftyazilim.com.tr\/wp-content\/uploads\/2026\/04\/ChatGPT-Image-18-Nis-2026-00_16_06-1024x683.png\" alt=\"\" class=\"wp-image-6161\" style=\"aspect-ratio:1.4992888417882142;width:675px;height:auto\" srcset=\"https:\/\/techsoftyazilim.com.tr\/wp-content\/uploads\/2026\/04\/ChatGPT-Image-18-Nis-2026-00_16_06-1024x683.png 1024w, https:\/\/techsoftyazilim.com.tr\/wp-content\/uploads\/2026\/04\/ChatGPT-Image-18-Nis-2026-00_16_06-300x200.png 300w, https:\/\/techsoftyazilim.com.tr\/wp-content\/uploads\/2026\/04\/ChatGPT-Image-18-Nis-2026-00_16_06-768x512.png 768w, https:\/\/techsoftyazilim.com.tr\/wp-content\/uploads\/2026\/04\/ChatGPT-Image-18-Nis-2026-00_16_06-900x600.png 900w, https:\/\/techsoftyazilim.com.tr\/wp-content\/uploads\/2026\/04\/ChatGPT-Image-18-Nis-2026-00_16_06.png 1536w\" sizes=\"auto, (max-width: 1024px) 100vw, 1024px\" \/><\/figure>\n<\/div>\n\n\n<p><\/p>\n\n\n\n<h2 class=\"wp-block-heading has-medium-font-size\"><strong>Likom Presto XL Sat\u0131\u015f\/Pazarlama Yaz\u0131l\u0131m\u0131 ile;<\/strong><\/h2>\n\n\n\n<ul class=\"wp-block-list\">\n<li>Verilen teklifler ve Al\u0131nan Sipari\u015fler ayr\u0131nt\u0131l\u0131 olarak izlenir, Sipari\u015f onay mekanizmas\u0131 olu\u015fturulabilir ve onays\u0131z sipari\u015flerin kar\u015f\u0131lanmas\u0131 engellenebilir,<\/li>\n\n\n\n<li>Stok seviyeleri an\u0131nda izlenebilir, belirlenen seviyenin alt\u0131na d\u00fc\u015fen stok miktarlar\u0131nda sat\u0131\u015f hareketlerinde uyarma\/engelleme yap\u0131labilir,<\/li>\n\n\n\n<li>Sat\u0131\u015fa sunulan \u00fcr\u00fcn ve hizmetler i\u00e7in s\u0131n\u0131rs\u0131z say\u0131da istenilen para birimi cinsinden fiyat, iskonto \u00f6deme ko\u015fullar\u0131 ile Fiyat Listeleri olu\u015fturulabilir,<\/li>\n\n\n\n<li>M\u00fc\u015fteri ve sat\u0131\u015f personeli baz\u0131nda fiyat listelerini kullanma ve d\u00fczenleme yetkileri tan\u0131mlanabilir,<\/li>\n\n\n\n<li>Sat\u0131\u015f i\u015flemi s\u0131ras\u0131nda \u00fcr\u00fcnlerin Son Giren \u0130lk \u00c7\u0131kar (LIFO), \u0130lk Giren \u0130lk \u00c7\u0131kar (FIFO), Y\u00fcr\u00fcyen Ortalama Maliyet, Aritmetik<\/li>\n\n\n\n<li>Ortalama Maliyet veya Ay Kapama Maliyetleri an\u0131nda hesaplanabilir, sat\u0131lan mal\u0131n maliyeti muhasebe i\u015flemleri istenilen maliyet kriterlerine g\u00f6re ger\u00e7ekle\u015ftirilir,<\/li>\n\n\n\n<li>Her t\u00fcrl\u00fc sat\u0131\u015f belgesi (Teklif, Sipari\u015f, \u0130rsaliye, Fatura vb.) ve raporu MS Excel veya PDF format\u0131nda e-posta ile tan\u0131mlanan yetkili m\u00fc\u015fteri personeline an\u0131nda iletilebilir,<\/li>\n\n\n\n<li>\u0130rsaliyeler i\u00e7in toplu olarak fatura kesilebilir ve toplu fatura \u00e7\u0131kt\u0131lar\u0131 al\u0131nabilir,<\/li>\n\n\n\n<li>Tevkifatl\u0131 Fatura, Fiyat fark\u0131 faturas\u0131, Vade fark\u0131 ve kur fark\u0131 faturas\u0131 olu\u015fturulabilir, Sat\u0131\u015f ve sat\u0131n alma s\u00fcre\u00e7leri ili\u015fkilendirilerek entegrasyonu sa\u011flan\u0131r,<\/li>\n\n\n\n<li>\u00dcr\u00fcn\/M\u00fc\u015fteri grubu ve b\u00f6lgesel sat\u0131\u015f performans\u0131 ve karl\u0131l\u0131k analizleri istenilen ayr\u0131nt\u0131da takip edilebilir.<\/li>\n<\/ul>\n","protected":false},"excerpt":{"rendered":"<p>Likom Presto XL Sat\u0131\u015f\/Pazarlama Yaz\u0131l\u0131m\u0131 ile;<\/p>\n","protected":false},"author":1,"featured_media":0,"parent":0,"menu_order":0,"comment_status":"closed","ping_status":"closed","template":"","meta":{"footnotes":""},"class_list":["post-6160","page","type-page","status-publish"],"_links":{"self":[{"href":"https:\/\/techsoftyazilim.com.tr\/index.php\/wp-json\/wp\/v2\/pages\/6160","targetHints":{"allow":["GET"]}}],"collection":[{"href":"https:\/\/techsoftyazilim.com.tr\/index.php\/wp-json\/wp\/v2\/pages"}],"about":[{"href":"https:\/\/techsoftyazilim.com.tr\/index.php\/wp-json\/wp\/v2\/types\/page"}],"author":[{"embeddable":true,"href":"https:\/\/techsoftyazilim.com.tr\/index.php\/wp-json\/wp\/v2\/users\/1"}],"replies":[{"embeddable":true,"href":"https:\/\/techsoftyazilim.com.tr\/index.php\/wp-json\/wp\/v2\/comments?post=6160"}],"version-history":[{"count":3,"href":"https:\/\/techsoftyazilim.com.tr\/index.php\/wp-json\/wp\/v2\/pages\/6160\/revisions"}],"predecessor-version":[{"id":6166,"href":"https:\/\/techsoftyazilim.com.tr\/index.php\/wp-json\/wp\/v2\/pages\/6160\/revisions\/6166"}],"wp:attachment":[{"href":"https:\/\/techsoftyazilim.com.tr\/index.php\/wp-json\/wp\/v2\/media?parent=6160"}],"curies":[{"name":"wp","href":"https:\/\/api.w.org\/{rel}","templated":true}]}}