{"id":6199,"date":"2026-04-18T21:59:45","date_gmt":"2026-04-18T21:59:45","guid":{"rendered":"https:\/\/techsoftyazilim.com.tr\/?page_id=6199"},"modified":"2026-04-18T22:05:21","modified_gmt":"2026-04-18T22:05:21","slug":"sabit-kiymet-ve-personel-yonetim-yazilimi","status":"publish","type":"page","link":"https:\/\/techsoftyazilim.com.tr\/index.php\/sabit-kiymet-ve-personel-yonetim-yazilimi\/","title":{"rendered":"Sabit K\u0131ymet ve Personel Y\u00f6netim Yaz\u0131l\u0131m\u0131"},"content":{"rendered":"<div class=\"wp-block-image\">\n<figure class=\"aligncenter size-full is-resized\"><img loading=\"lazy\" decoding=\"async\" width=\"853\" height=\"784\" src=\"https:\/\/techsoftyazilim.com.tr\/wp-content\/uploads\/2026\/04\/Gemini_Generated_Image_taxtc5taxtc5taxt-1.png\" alt=\"\" class=\"wp-image-6201\" style=\"aspect-ratio:1.0880388585306617;width:413px;height:auto\" srcset=\"https:\/\/techsoftyazilim.com.tr\/wp-content\/uploads\/2026\/04\/Gemini_Generated_Image_taxtc5taxtc5taxt-1.png 853w, https:\/\/techsoftyazilim.com.tr\/wp-content\/uploads\/2026\/04\/Gemini_Generated_Image_taxtc5taxtc5taxt-1-300x276.png 300w, https:\/\/techsoftyazilim.com.tr\/wp-content\/uploads\/2026\/04\/Gemini_Generated_Image_taxtc5taxtc5taxt-1-768x706.png 768w\" sizes=\"auto, (max-width: 853px) 100vw, 853px\" \/><\/figure>\n<\/div>\n\n\n<p><\/p>\n\n\n\n<h2 class=\"wp-block-heading\">Sabit K\u0131ymet ve Personel Y\u00f6netim Yaz\u0131l\u0131m\u0131<\/h2>\n\n\n\n<ul class=\"wp-block-list\">\n<li>Sabit k\u0131ymetlerin al\u0131\u015f, sat\u0131\u015f ve hurda i\u015flemlerinin yap\u0131lmas\u0131,<\/li>\n\n\n\n<li>\u0130stenilen zaman dilimlerinde sabit k\u0131ymet amortismanlar\u0131n\u0131n yap\u0131lmas\u0131,<\/li>\n\n\n\n<li>Sabit k\u0131ymet ve amortismanlar\u0131n enflasyondan ar\u0131nd\u0131r\u0131lmas\u0131 ve olu\u015fan enflasyon d\u00fczeltme farklar\u0131n\u0131n Genel Muhasebe mod\u00fcl\u00fcne entegrasyonunun yap\u0131lmas\u0131,<\/li>\n\n\n\n<li>Sabit k\u0131ymetlerin ekonomik \u00f6m\u00fcrleri otomatik belirlenir ve takibi yap\u0131l\u0131r,<\/li>\n\n\n\n<li>Sabit k\u0131ymetlerin maliyetlerinin artt\u0131r\u0131labilir veya azalt\u0131labilir,<\/li>\n<\/ul>\n\n\n\n<p><strong>Likom Presto XL Personel Y\u00f6netimi Yaz\u0131l\u0131m\u0131 ile;<\/strong><\/p>\n\n\n\n<ul class=\"wp-block-list\">\n<li>Personelin sicil, kimlik ve maa\u015f bilgileri izlenir, Personel Y\u0131ll\u0131k izin, fazla mesai takibi yap\u0131l\u0131r, Personel Devam Takip Sistemleri ile entegre olarak \u00e7al\u0131\u015fabilmesi,<\/li>\n\n\n\n<li>\u0130\u015f\u00e7i ve idari personelin maa\u015f tahakkuklar\u0131n\u0131n, ayl\u0131k, g\u00fcnl\u00fck veya saatlik \u00fccret olarak netten br\u00fcte ya da br\u00fctten nete hesaplanabilir,<\/li>\n\n\n\n<li>Esnek ek gelir ve ek kesinti tan\u0131mlar\u0131 sayesinde kullan\u0131c\u0131n\u0131n iste\u011fi do\u011frultusunda i\u015flemlerin detayland\u0131r\u0131labilir,<\/li>\n\n\n\n<li>\u0130kramiye, Fark, K\u0131dem ve ihbar tazminat\u0131 hesaplanabilmesi ve toplu tahakkuk i\u015flemleri ger\u00e7ekle\u015ftirilebilir,<\/li>\n\n\n\n<li>SGK, \u0130\u015f-Kur\u2019a e- Bildirge ( Ayl\u0131k Pirim ve Hizmet Bildirgesi ), \u0130\u015fe Giri\u015f Bildirgesi, \u0130\u015fe Giri\u015f Bildirgesi<\/li>\n\n\n\n<li>\u0130ptali\/G\u00fcncelleme\/G\u00f6r\u00fcnt\u00fcleme, \u0130\u015ften Ayr\u0131l\u0131\u015f Bildirgesi, \u0130\u015ften Ayr\u0131l\u0131\u015f Bildirgesi \u0130ptali\/G\u00fcncelleme\/G\u00f6r\u00fcnt\u00fcleme, Sigortal\u0131<\/li>\n\n\n\n<li>Adres G\u00fcncelleme, Ayl\u0131k \u0130\u015fg\u00fcn\u00fc \u00e7izelgesi otomatik olarak g\u00f6nderilir, Kullan\u0131c\u0131 taraf\u0131ndan istenilen ek rapor ve firmaya \u00f6zel bordro tasar\u0131mlar\u0131 Kolayl\u0131kla yap\u0131labilir,<\/li>\n<\/ul>\n","protected":false},"excerpt":{"rendered":"<p>Sabit K\u0131ymet ve Personel Y\u00f6netim Yaz\u0131l\u0131m\u0131 Likom Presto XL Personel Y\u00f6netimi Yaz\u0131l\u0131m\u0131 ile;<\/p>\n","protected":false},"author":1,"featured_media":0,"parent":0,"menu_order":0,"comment_status":"closed","ping_status":"closed","template":"","meta":{"footnotes":""},"class_list":["post-6199","page","type-page","status-publish"],"_links":{"self":[{"href":"https:\/\/techsoftyazilim.com.tr\/index.php\/wp-json\/wp\/v2\/pages\/6199","targetHints":{"allow":["GET"]}}],"collection":[{"href":"https:\/\/techsoftyazilim.com.tr\/index.php\/wp-json\/wp\/v2\/pages"}],"about":[{"href":"https:\/\/techsoftyazilim.com.tr\/index.php\/wp-json\/wp\/v2\/types\/page"}],"author":[{"embeddable":true,"href":"https:\/\/techsoftyazilim.com.tr\/index.php\/wp-json\/wp\/v2\/users\/1"}],"replies":[{"embeddable":true,"href":"https:\/\/techsoftyazilim.com.tr\/index.php\/wp-json\/wp\/v2\/comments?post=6199"}],"version-history":[{"count":2,"href":"https:\/\/techsoftyazilim.com.tr\/index.php\/wp-json\/wp\/v2\/pages\/6199\/revisions"}],"predecessor-version":[{"id":6203,"href":"https:\/\/techsoftyazilim.com.tr\/index.php\/wp-json\/wp\/v2\/pages\/6199\/revisions\/6203"}],"wp:attachment":[{"href":"https:\/\/techsoftyazilim.com.tr\/index.php\/wp-json\/wp\/v2\/media?parent=6199"}],"curies":[{"name":"wp","href":"https:\/\/api.w.org\/{rel}","templated":true}]}}