{"id":6223,"date":"2026-04-19T16:05:43","date_gmt":"2026-04-19T16:05:43","guid":{"rendered":"https:\/\/techsoftyazilim.com.tr\/?page_id=6223"},"modified":"2026-04-19T18:43:29","modified_gmt":"2026-04-19T18:43:29","slug":"e-fatura","status":"publish","type":"page","link":"https:\/\/techsoftyazilim.com.tr\/index.php\/e-fatura\/","title":{"rendered":"E-FATURA"},"content":{"rendered":"<div class=\"wp-block-image\">\n<figure class=\"aligncenter size-large is-resized\"><img loading=\"lazy\" decoding=\"async\" width=\"1024\" height=\"683\" src=\"https:\/\/techsoftyazilim.com.tr\/wp-content\/uploads\/2026\/04\/ChatGPT-Image-19-Nis-2026-19_04_15-1024x683.png\" alt=\"\" class=\"wp-image-6224\" style=\"aspect-ratio:1.4992888417882142;width:542px;height:auto\" srcset=\"https:\/\/techsoftyazilim.com.tr\/wp-content\/uploads\/2026\/04\/ChatGPT-Image-19-Nis-2026-19_04_15-1024x683.png 1024w, https:\/\/techsoftyazilim.com.tr\/wp-content\/uploads\/2026\/04\/ChatGPT-Image-19-Nis-2026-19_04_15-300x200.png 300w, https:\/\/techsoftyazilim.com.tr\/wp-content\/uploads\/2026\/04\/ChatGPT-Image-19-Nis-2026-19_04_15-768x512.png 768w, https:\/\/techsoftyazilim.com.tr\/wp-content\/uploads\/2026\/04\/ChatGPT-Image-19-Nis-2026-19_04_15-900x600.png 900w, https:\/\/techsoftyazilim.com.tr\/wp-content\/uploads\/2026\/04\/ChatGPT-Image-19-Nis-2026-19_04_15.png 1536w\" sizes=\"auto, (max-width: 1024px) 100vw, 1024px\" \/><\/figure>\n<\/div>\n\n\n<p><strong>e-Fatura<\/strong>, faturan\u0131n elektronik ortamda olu\u015fturulup saklanabildi\u011fi uygulamayla birlikte olu\u015fturulan faturalara verilen isimdir. e-Fatura ka\u011f\u0131t fatura ile ayn\u0131 hukuki niteliklere sahiptir.<\/p>\n\n\n\n<ul class=\"wp-block-list\">\n<li>G\u00fcncel mevzuata tam uygun,<\/li>\n\n\n\n<li>Ondan fazla entegrat\u00f6r ile entegre,<\/li>\n\n\n\n<li>\u00d6zelle\u015ftirilebilir e-Fatura \u015fablonlar\u0131 ile kolayl\u0131kla istedi\u011finiz g\u00f6rsel tasar\u0131mlar\u0131 yapabilece\u011finiz yaz\u0131l\u0131md\u0131r.<\/li>\n<\/ul>\n\n\n\n<p>e-Fatura uygulamas\u0131 ile olu\u015fturulmu\u015f olan faturalar\u0131n ge\u00e7erlili\u011fi ve do\u011frulu\u011fu mali m\u00fch\u00fcr arac\u0131l\u0131\u011f\u0131yla sa\u011fland\u0131\u011f\u0131 i\u00e7in e-faturalar\u0131n ka\u011f\u0131t \u00fczerinde bas\u0131ld\u0131klar\u0131nda herhangi bir ge\u00e7erlili\u011fi bulunmamaktad\u0131r. Kullan\u0131c\u0131lar kendileri taraf\u0131ndan d\u00fczenlenmi\u015f olan ve taraflar\u0131nca kabul edilmi\u015f olan e-faturalar\u0131 yasal mevzuatta belirtilen s\u00fcreler dahilinde saklamakla y\u00fck\u00fcml\u00fcd\u00fcrler. Muhafaza edilen e-faturalar\u0131n ise gerekli g\u00f6r\u00fcld\u00fc\u011f\u00fc takdirde ibraz etmekle sorumludurlar.<\/p>\n\n\n\n<h2 class=\"wp-block-heading\">&nbsp;Yararlanma Y\u00f6ntemleri Nelerdir?<\/h2>\n\n\n\n<ol class=\"wp-block-list\">\n<li>e-Fatura Portal\u0131&nbsp;<a href=\"https:\/\/portal.efatura.gov.tr\/efatura\/egiris.jsp\" target=\"_blank\" rel=\"noreferrer noopener\">Giri\u015f i\u00e7in t\u0131klay\u0131n<\/a><\/li>\n\n\n\n<li>Firmalar\u0131n bilgi i\u015flem sistemlerinin Ba\u015fkanl\u0131k sistemine entegrasyonu<\/li>\n\n\n\n<li>Ba\u015fkanl\u0131ktan \u00f6zel entegrasyon izni alan kurumlar\u0131n sistemi arac\u0131l\u0131\u011f\u0131yla<\/li>\n<\/ol>\n\n\n\n<p>olmak \u00fczere \u00fc\u00e7 y\u00f6ntemle kullan\u0131labilmektedir.<\/p>\n\n\n\n<h2 class=\"wp-block-heading\">&nbsp;Kimler kullanmal\u0131d\u0131r?<\/h2>\n\n\n\n<h2 class=\"wp-block-heading\"><strong>e-Fatura Zorunlulu\u011fu Kimleri Kaps\u0131yor?<\/strong><\/h2>\n\n\n\n<p>Gelir \u0130daresi Ba\u015fkanl\u0131\u011f\u0131 taraf\u0131ndan yay\u0131mlanan <strong>VUK 509 Genel Tebli\u011fi (28 Kas\u0131m 2022 g\u00fcncellemesi)<\/strong> kapsam\u0131nda, a\u015fa\u011f\u0131daki m\u00fckellef gruplar\u0131 i\u00e7in e-Fatura kullan\u0131m\u0131 zorunlu hale getirilmi\u015ftir.<\/p>\n\n\n\n<hr class=\"wp-block-separator has-alpha-channel-opacity\"\/>\n\n\n\n<h3 class=\"wp-block-heading\"><strong>1\ufe0f\u20e3 Ciroya G\u00f6re e-Fatura Zorunlulu\u011fu<\/strong><\/h3>\n\n\n\n<ul class=\"wp-block-list\">\n<li><strong>2022 ve sonras\u0131 y\u0131llarda br\u00fct sat\u0131\u015f has\u0131lat\u0131 3 Milyon TL ve \u00fczeri olanlar<\/strong><\/li>\n\n\n\n<li><strong>2020 ve 2021 y\u0131llar\u0131nda br\u00fct sat\u0131\u015f has\u0131lat\u0131 4 Milyon TL ve \u00fczeri olanlar<\/strong><\/li>\n<\/ul>\n\n\n\n<p>\ud83d\udc49 <strong>Ge\u00e7i\u015f Tarihi:<\/strong> 1 Eyl\u00fcl 2023<\/p>\n\n\n\n<hr class=\"wp-block-separator has-alpha-channel-opacity\"\/>\n\n\n\n<h3 class=\"wp-block-heading\"><strong>2\ufe0f\u20e3 D\u00fc\u015f\u00fck Ciro E\u015fi\u011fi (Geni\u015fletilmi\u015f Kapsam)<\/strong><\/h3>\n\n\n\n<ul class=\"wp-block-list\">\n<li><strong>2022 ve sonras\u0131 y\u0131llarda br\u00fct sat\u0131\u015f has\u0131lat\u0131 500 Bin TL ve \u00fczeri olanlar<\/strong><\/li>\n<\/ul>\n\n\n\n<p>\ud83d\udc49 <strong>Ge\u00e7i\u015f Tarihi:<\/strong> 1 Eyl\u00fcl 2023<\/p>\n\n\n\n<hr class=\"wp-block-separator has-alpha-channel-opacity\"\/>\n\n\n\n<h3 class=\"wp-block-heading\"><strong>3\ufe0f\u20e3 E-Ticaret ve Dijital Platformlar<\/strong><\/h3>\n\n\n\n<ul class=\"wp-block-list\">\n<li>\u0130nternet \u00fczerinden <strong>gayrimenkul, ara\u00e7 al\u0131m-sat\u0131m\/kiralama hizmeti verenler<\/strong><\/li>\n\n\n\n<li>Bu platformlarda <strong>ilan yay\u0131nlayan veya arac\u0131l\u0131k eden firmalar<\/strong><\/li>\n<\/ul>\n\n\n\n<p>\ud83d\udc49 <strong>Ge\u00e7i\u015f Tarihi:<\/strong> 1 Eyl\u00fcl 2023<\/p>\n\n\n\n<hr class=\"wp-block-separator has-alpha-channel-opacity\"\/>\n\n\n\n<h3 class=\"wp-block-heading\"><strong>4\ufe0f\u20e3 Turizm Sekt\u00f6r\u00fc<\/strong><\/h3>\n\n\n\n<ul class=\"wp-block-list\">\n<li><strong>K\u00fclt\u00fcr ve Turizm Bakanl\u0131\u011f\u0131\u2019ndan yat\u0131r\u0131m veya i\u015fletme belgesi alan firmalar<\/strong><\/li>\n<\/ul>\n\n\n\n<p>\ud83d\udc49 <strong>Ge\u00e7i\u015f Tarihi:<\/strong> 1 Eyl\u00fcl 2023<\/p>\n\n\n\n<hr class=\"wp-block-separator has-alpha-channel-opacity\"\/>\n\n\n\n<h3 class=\"wp-block-heading\"><strong>5\ufe0f\u20e3 \u00d6TV Kapsam\u0131ndaki Firmalar<\/strong><\/h3>\n\n\n\n<ul class=\"wp-block-list\">\n<li><strong>\u00d6TV (III) say\u0131l\u0131 listedeki mallar\u0131n imal, ithal veya teslimini yapanlar<\/strong><\/li>\n<\/ul>\n\n\n\n<p>\ud83d\udc49 <strong>Ge\u00e7i\u015f Tarihi:<\/strong> 1 Eyl\u00fcl 2023<\/p>\n\n\n\n<hr class=\"wp-block-separator has-alpha-channel-opacity\"\/>\n\n\n\n<h3 class=\"wp-block-heading\"><strong>6\ufe0f\u20e3 \u00d6TV (II) Kapsam\u0131<\/strong><\/h3>\n\n\n\n<ul class=\"wp-block-list\">\n<li><strong>\u00d6TV (II) say\u0131l\u0131 listedeki mallar\u0131 imal, in\u015fa veya ithal edenler<\/strong><\/li>\n<\/ul>\n\n\n\n<p>\ud83d\udc49 <strong>Ge\u00e7i\u015f Tarihi:<\/strong> 1 Eyl\u00fcl 2023<\/p>\n\n\n\n<hr class=\"wp-block-separator has-alpha-channel-opacity\"\/>\n\n\n\n<h3 class=\"wp-block-heading\"><strong>7\ufe0f\u20e3 E-Ticaret Arac\u0131 Hizmet Sa\u011flay\u0131c\u0131lar\u0131<\/strong><\/h3>\n\n\n\n<ul class=\"wp-block-list\">\n<li>\u0130nternet ortam\u0131nda <strong>reklam ve sat\u0131\u015fa arac\u0131l\u0131k eden platformlar<\/strong><\/li>\n<\/ul>\n\n\n\n<p>\ud83d\udc49 <strong>Ge\u00e7i\u015f Tarihi:<\/strong> 1 Eyl\u00fcl 2024<\/p>\n\n\n\n<hr class=\"wp-block-separator has-alpha-channel-opacity\"\/>\n\n\n\n<h3 class=\"wp-block-heading\"><strong>8\ufe0f\u20e3 Madencilik Sekt\u00f6r\u00fc<\/strong><\/h3>\n\n\n\n<ul class=\"wp-block-list\">\n<li>Maden ruhsat\u0131 olan ve \u00fcretim faaliyetinde bulunan firmalar<\/li>\n<\/ul>\n\n\n\n<p>\ud83d\udc49 <strong>Ge\u00e7i\u015f Tarihi:<\/strong> 1 Eyl\u00fcl 2024<\/p>\n\n\n\n<hr class=\"wp-block-separator has-alpha-channel-opacity\"\/>\n\n\n\n<h3 class=\"wp-block-heading\"><strong>9\ufe0f\u20e3 Demir \u2013 \u00c7elik Sekt\u00f6r\u00fc<\/strong><\/h3>\n\n\n\n<ul class=\"wp-block-list\">\n<li>GT\u0130P72 ve GT\u0130P73 kapsam\u0131ndaki \u00fcreticiler<\/li>\n<\/ul>\n\n\n\n<p>\ud83d\udc49 <strong>Ge\u00e7i\u015f Tarihi:<\/strong> 1 Eyl\u00fcl 2024<\/p>\n\n\n\n<hr class=\"wp-block-separator has-alpha-channel-opacity\"\/>\n\n\n\n<h3 class=\"wp-block-heading\"><strong>\ud83d\udd1f G\u00fcbre Takip Sistemi Kullan\u0131c\u0131lar\u0131<\/strong><\/h3>\n\n\n\n<p>\ud83d\udc49 <strong>Ge\u00e7i\u015f Tarihi:<\/strong> 1 Eyl\u00fcl 2024<\/p>\n\n\n\n<hr class=\"wp-block-separator has-alpha-channel-opacity\"\/>\n\n\n\n<h3 class=\"wp-block-heading\"><strong>11\ufe0f\u20e3 Kuyu Sondaj M\u00fcteahhitleri<\/strong><\/h3>\n\n\n\n<p>\ud83d\udc49 <strong>Ge\u00e7i\u015f Tarihi:<\/strong> 1 Eyl\u00fcl 2025<\/p>\n\n\n\n<p><\/p>\n\n\n\n<figure class=\"wp-block-image size-large\"><img loading=\"lazy\" decoding=\"async\" width=\"1024\" height=\"683\" src=\"https:\/\/techsoftyazilim.com.tr\/wp-content\/uploads\/2026\/04\/ChatGPT-Image-19-Nis-2026-19_33_02-1-1024x683.png\" alt=\"\" class=\"wp-image-6231\" srcset=\"https:\/\/techsoftyazilim.com.tr\/wp-content\/uploads\/2026\/04\/ChatGPT-Image-19-Nis-2026-19_33_02-1-1024x683.png 1024w, https:\/\/techsoftyazilim.com.tr\/wp-content\/uploads\/2026\/04\/ChatGPT-Image-19-Nis-2026-19_33_02-1-300x200.png 300w, https:\/\/techsoftyazilim.com.tr\/wp-content\/uploads\/2026\/04\/ChatGPT-Image-19-Nis-2026-19_33_02-1-768x512.png 768w, https:\/\/techsoftyazilim.com.tr\/wp-content\/uploads\/2026\/04\/ChatGPT-Image-19-Nis-2026-19_33_02-1-900x600.png 900w, https:\/\/techsoftyazilim.com.tr\/wp-content\/uploads\/2026\/04\/ChatGPT-Image-19-Nis-2026-19_33_02-1.png 1536w\" sizes=\"auto, (max-width: 1024px) 100vw, 1024px\" \/><\/figure>\n\n\n\n<p><\/p>\n","protected":false},"excerpt":{"rendered":"<p>e-Fatura, faturan\u0131n elektronik ortamda olu\u015fturulup saklanabildi\u011fi uygulamayla birlikte olu\u015fturulan faturalara verilen isimdir. e-Fatura ka\u011f\u0131t fatura&#8230;<\/p>\n","protected":false},"author":1,"featured_media":0,"parent":0,"menu_order":0,"comment_status":"closed","ping_status":"closed","template":"","meta":{"footnotes":""},"class_list":["post-6223","page","type-page","status-publish"],"_links":{"self":[{"href":"https:\/\/techsoftyazilim.com.tr\/index.php\/wp-json\/wp\/v2\/pages\/6223","targetHints":{"allow":["GET"]}}],"collection":[{"href":"https:\/\/techsoftyazilim.com.tr\/index.php\/wp-json\/wp\/v2\/pages"}],"about":[{"href":"https:\/\/techsoftyazilim.com.tr\/index.php\/wp-json\/wp\/v2\/types\/page"}],"author":[{"embeddable":true,"href":"https:\/\/techsoftyazilim.com.tr\/index.php\/wp-json\/wp\/v2\/users\/1"}],"replies":[{"embeddable":true,"href":"https:\/\/techsoftyazilim.com.tr\/index.php\/wp-json\/wp\/v2\/comments?post=6223"}],"version-history":[{"count":3,"href":"https:\/\/techsoftyazilim.com.tr\/index.php\/wp-json\/wp\/v2\/pages\/6223\/revisions"}],"predecessor-version":[{"id":6234,"href":"https:\/\/techsoftyazilim.com.tr\/index.php\/wp-json\/wp\/v2\/pages\/6223\/revisions\/6234"}],"wp:attachment":[{"href":"https:\/\/techsoftyazilim.com.tr\/index.php\/wp-json\/wp\/v2\/media?parent=6223"}],"curies":[{"name":"wp","href":"https:\/\/api.w.org\/{rel}","templated":true}]}}